{"id":4634,"date":"2019-05-07T08:04:37","date_gmt":"2019-05-07T08:04:37","guid":{"rendered":"http:\/\/institutfrancais-lituanie.com\/?page_id=4634"},"modified":"2022-03-31T11:06:09","modified_gmt":"2022-03-31T11:06:09","slug":"parlons-ensemble","status":"publish","type":"page","link":"https:\/\/www.institutfrancais-lituanie.com\/fr\/mediatheque\/parlons-ensemble\/","title":{"rendered":"Parlons ensemble"},"content":{"rendered":"<div class=\"wpb-content-wrapper\"><p>[vc_row][vc_column][vc_column_text]<strong>Venez pratiquer votre fran\u00e7ais et \u00e9largir votre culture g\u00e9n\u00e9rale sur la France avec Eug\u00e9nie. <\/strong><\/p>\n<p>Avant chaque rencontre, Eug\u00e9nie proposera aux personnes inscrites quelques articles \u00e0 lire. Vous pourrez ensuite en parler en autour d\u2019un caf\u00e9 dans la m\u00e9diath\u00e8que de l\u2019Institut.<\/p>\n<p>Niveau minimum conseill\u00e9 : B1 (mais tant que vous souhaitez parler ou \u00e9couter parler fran\u00e7ais, vous \u00eates les bienvenus).<\/p>\n<p><strong><em>Entr\u00e9e libre. A la m\u00e9diath\u00e8que de l\u2018Institut fran\u00e7ais en pr\u00e9sentiel et en ligne.<\/em><\/strong>[\/vc_column_text][\/vc_column][\/vc_row][vc_row][vc_column][vc_basic_grid post_type=&#8221;post&#8221; max_items=&#8221;1&#8243; element_width=&#8221;12&#8243; item=&#8221;3470&#8243; grid_id=&#8221;vc_gid:1648724748659-982cce2c-8810-0&#8243; taxonomies=&#8221;146&#8243;][\/vc_column][\/vc_row][vc_row][vc_column][vc_raw_html]JTNDZGl2JTIwY2xhc3MlM0QlMjJwZW5jaS1ob21lLXBvcHVsYXItcG9zdHMlMjIlM0UlMDklMDklMDklMDklMDklMDklMDklM0NoMiUyMGNsYXNzJTNEJTIyaG9tZS1wdXB1bGFyLXBvc3RzLXRpdGxlJTIyJTNFJTBBJTNDc3BhbiUzRUFyY2hpdmVzJTNDJTJGc3BhbiUzRSUzQyUyRmgyJTNFJTBBJTNDJTJGZGl2JTNF[\/vc_raw_html][\/vc_column][\/vc_row][vc_row][vc_column][vc_basic_grid post_type=&#8221;post&#8221; max_items=&#8221;15&#8243; item=&#8221;3470&#8243; grid_id=&#8221;vc_gid:1648724748660-f67f0439-2090-0&#8243; taxonomies=&#8221;148&#8243;][\/vc_column][\/vc_row]<\/p>\n<\/div>","protected":false},"excerpt":{"rendered":"[vc_row][vc_column][vc_column_text]Venez pratiquer votre fran\u00e7ais et \u00e9largir votre culture g\u00e9n\u00e9rale sur la France avec Eug\u00e9nie. Avant&hellip;","protected":false},"author":2,"featured_media":5642,"parent":2080,"menu_order":0,"comment_status":"closed","ping_status":"closed","template":"page-sidebar.php","meta":{"footnotes":""},"class_list":["post-4634","page","type-page","status-publish","has-post-thumbnail","hentry"],"yoast_head":"<!-- This site is optimized with the Yoast SEO plugin v23.2 - https:\/\/yoast.com\/wordpress\/plugins\/seo\/ -->\n<title>Parlons ensemble - IF Lituanie<\/title>\n<meta name=\"robots\" content=\"index, follow, max-snippet:-1, max-image-preview:large, max-video-preview:-1\" \/>\n<link rel=\"canonical\" href=\"https:\/\/www.institutfrancais-lituanie.com\/fr\/mediatheque\/parlons-ensemble\/\" \/>\n<meta property=\"og:locale\" content=\"fr_FR\" \/>\n<meta property=\"og:type\" content=\"article\" \/>\n<meta property=\"og:title\" content=\"Parlons ensemble - IF Lituanie\" \/>\n<meta property=\"og:url\" content=\"https:\/\/www.institutfrancais-lituanie.com\/fr\/mediatheque\/parlons-ensemble\/\" \/>\n<meta property=\"og:site_name\" content=\"IF Lituanie\" \/>\n<meta property=\"article:publisher\" content=\"https:\/\/www.facebook.com\/prancuzuinstitutas\/\" \/>\n<meta property=\"article:modified_time\" content=\"2022-03-31T11:06:09+00:00\" \/>\n<meta property=\"og:image\" content=\"https:\/\/www.institutfrancais-lituanie.com\/wp-content\/uploads\/2020\/01\/parlons-ensemble-site.jpg\" \/>\n\t<meta property=\"og:image:width\" content=\"1170\" \/>\n\t<meta property=\"og:image:height\" content=\"585\" \/>\n\t<meta property=\"og:image:type\" content=\"image\/jpeg\" \/>\n<meta name=\"twitter:card\" content=\"summary_large_image\" \/>\n<meta name=\"twitter:label1\" content=\"Est. reading time\" \/>\n\t<meta name=\"twitter:data1\" content=\"1 minute\" \/>\n<script type=\"application\/ld+json\" class=\"yoast-schema-graph\">{\"@context\":\"https:\/\/schema.org\",\"@graph\":[{\"@type\":\"WebPage\",\"@id\":\"https:\/\/www.institutfrancais-lituanie.com\/fr\/mediatheque\/parlons-ensemble\/\",\"url\":\"https:\/\/www.institutfrancais-lituanie.com\/fr\/mediatheque\/parlons-ensemble\/\",\"name\":\"Parlons ensemble - IF Lituanie\",\"isPartOf\":{\"@id\":\"https:\/\/www.institutfrancais-lituanie.com\/fr\/#website\"},\"primaryImageOfPage\":{\"@id\":\"https:\/\/www.institutfrancais-lituanie.com\/fr\/mediatheque\/parlons-ensemble\/#primaryimage\"},\"image\":{\"@id\":\"https:\/\/www.institutfrancais-lituanie.com\/fr\/mediatheque\/parlons-ensemble\/#primaryimage\"},\"thumbnailUrl\":\"https:\/\/www.institutfrancais-lituanie.com\/wp-content\/uploads\/2020\/01\/parlons-ensemble-site.jpg\",\"datePublished\":\"2019-05-07T08:04:37+00:00\",\"dateModified\":\"2022-03-31T11:06:09+00:00\",\"breadcrumb\":{\"@id\":\"https:\/\/www.institutfrancais-lituanie.com\/fr\/mediatheque\/parlons-ensemble\/#breadcrumb\"},\"inLanguage\":\"fr-FR\",\"potentialAction\":[{\"@type\":\"ReadAction\",\"target\":[\"https:\/\/www.institutfrancais-lituanie.com\/fr\/mediatheque\/parlons-ensemble\/\"]}]},{\"@type\":\"ImageObject\",\"inLanguage\":\"fr-FR\",\"@id\":\"https:\/\/www.institutfrancais-lituanie.com\/fr\/mediatheque\/parlons-ensemble\/#primaryimage\",\"url\":\"https:\/\/www.institutfrancais-lituanie.com\/wp-content\/uploads\/2020\/01\/parlons-ensemble-site.jpg\",\"contentUrl\":\"https:\/\/www.institutfrancais-lituanie.com\/wp-content\/uploads\/2020\/01\/parlons-ensemble-site.jpg\",\"width\":1170,\"height\":585},{\"@type\":\"BreadcrumbList\",\"@id\":\"https:\/\/www.institutfrancais-lituanie.com\/fr\/mediatheque\/parlons-ensemble\/#breadcrumb\",\"itemListElement\":[{\"@type\":\"ListItem\",\"position\":1,\"name\":\"Home\",\"item\":\"https:\/\/www.institutfrancais-lituanie.com\/fr\/\"},{\"@type\":\"ListItem\",\"position\":2,\"name\":\"M\u00e9diath\u00e8que\",\"item\":\"https:\/\/www.institutfrancais-lituanie.com\/fr\/mediatheque\/\"},{\"@type\":\"ListItem\",\"position\":3,\"name\":\"Parlons ensemble\"}]},{\"@type\":\"WebSite\",\"@id\":\"https:\/\/www.institutfrancais-lituanie.com\/fr\/#website\",\"url\":\"https:\/\/www.institutfrancais-lituanie.com\/fr\/\",\"name\":\"IF Lituanie\",\"description\":\"Pranc\u016bz\u0173 kalbos kursai, kult\u016bra, mediateka...\",\"publisher\":{\"@id\":\"https:\/\/www.institutfrancais-lituanie.com\/fr\/#organization\"},\"potentialAction\":[{\"@type\":\"SearchAction\",\"target\":{\"@type\":\"EntryPoint\",\"urlTemplate\":\"https:\/\/www.institutfrancais-lituanie.com\/fr\/?s={search_term_string}\"},\"query-input\":\"required name=search_term_string\"}],\"inLanguage\":\"fr-FR\"},{\"@type\":\"Organization\",\"@id\":\"https:\/\/www.institutfrancais-lituanie.com\/fr\/#organization\",\"name\":\"Pranc\u016bz\u0173 institutas\",\"url\":\"https:\/\/www.institutfrancais-lituanie.com\/fr\/\",\"logo\":{\"@type\":\"ImageObject\",\"inLanguage\":\"fr-FR\",\"@id\":\"https:\/\/www.institutfrancais-lituanie.com\/fr\/#\/schema\/logo\/image\/\",\"url\":\"https:\/\/www.institutfrancais-lituanie.com\/wp-content\/uploads\/2023\/04\/IF_Logo-Lituanie-RVB.jpg\",\"contentUrl\":\"https:\/\/www.institutfrancais-lituanie.com\/wp-content\/uploads\/2023\/04\/IF_Logo-Lituanie-RVB.jpg\",\"width\":827,\"height\":555,\"caption\":\"Pranc\u016bz\u0173 institutas\"},\"image\":{\"@id\":\"https:\/\/www.institutfrancais-lituanie.com\/fr\/#\/schema\/logo\/image\/\"},\"sameAs\":[\"https:\/\/www.facebook.com\/prancuzuinstitutas\/\",\"https:\/\/www.instagram.com\/institut_francais_lituanie\/\"]}]}<\/script>\n<!-- \/ Yoast SEO plugin. -->","yoast_head_json":{"title":"Parlons ensemble - IF Lituanie","robots":{"index":"index","follow":"follow","max-snippet":"max-snippet:-1","max-image-preview":"max-image-preview:large","max-video-preview":"max-video-preview:-1"},"canonical":"https:\/\/www.institutfrancais-lituanie.com\/fr\/mediatheque\/parlons-ensemble\/","og_locale":"fr_FR","og_type":"article","og_title":"Parlons ensemble - IF Lituanie","og_url":"https:\/\/www.institutfrancais-lituanie.com\/fr\/mediatheque\/parlons-ensemble\/","og_site_name":"IF Lituanie","article_publisher":"https:\/\/www.facebook.com\/prancuzuinstitutas\/","article_modified_time":"2022-03-31T11:06:09+00:00","og_image":[{"width":1170,"height":585,"url":"https:\/\/www.institutfrancais-lituanie.com\/wp-content\/uploads\/2020\/01\/parlons-ensemble-site.jpg","type":"image\/jpeg"}],"twitter_card":"summary_large_image","twitter_misc":{"Est. reading time":"1 minute"},"schema":{"@context":"https:\/\/schema.org","@graph":[{"@type":"WebPage","@id":"https:\/\/www.institutfrancais-lituanie.com\/fr\/mediatheque\/parlons-ensemble\/","url":"https:\/\/www.institutfrancais-lituanie.com\/fr\/mediatheque\/parlons-ensemble\/","name":"Parlons ensemble - IF Lituanie","isPartOf":{"@id":"https:\/\/www.institutfrancais-lituanie.com\/fr\/#website"},"primaryImageOfPage":{"@id":"https:\/\/www.institutfrancais-lituanie.com\/fr\/mediatheque\/parlons-ensemble\/#primaryimage"},"image":{"@id":"https:\/\/www.institutfrancais-lituanie.com\/fr\/mediatheque\/parlons-ensemble\/#primaryimage"},"thumbnailUrl":"https:\/\/www.institutfrancais-lituanie.com\/wp-content\/uploads\/2020\/01\/parlons-ensemble-site.jpg","datePublished":"2019-05-07T08:04:37+00:00","dateModified":"2022-03-31T11:06:09+00:00","breadcrumb":{"@id":"https:\/\/www.institutfrancais-lituanie.com\/fr\/mediatheque\/parlons-ensemble\/#breadcrumb"},"inLanguage":"fr-FR","potentialAction":[{"@type":"ReadAction","target":["https:\/\/www.institutfrancais-lituanie.com\/fr\/mediatheque\/parlons-ensemble\/"]}]},{"@type":"ImageObject","inLanguage":"fr-FR","@id":"https:\/\/www.institutfrancais-lituanie.com\/fr\/mediatheque\/parlons-ensemble\/#primaryimage","url":"https:\/\/www.institutfrancais-lituanie.com\/wp-content\/uploads\/2020\/01\/parlons-ensemble-site.jpg","contentUrl":"https:\/\/www.institutfrancais-lituanie.com\/wp-content\/uploads\/2020\/01\/parlons-ensemble-site.jpg","width":1170,"height":585},{"@type":"BreadcrumbList","@id":"https:\/\/www.institutfrancais-lituanie.com\/fr\/mediatheque\/parlons-ensemble\/#breadcrumb","itemListElement":[{"@type":"ListItem","position":1,"name":"Home","item":"https:\/\/www.institutfrancais-lituanie.com\/fr\/"},{"@type":"ListItem","position":2,"name":"M\u00e9diath\u00e8que","item":"https:\/\/www.institutfrancais-lituanie.com\/fr\/mediatheque\/"},{"@type":"ListItem","position":3,"name":"Parlons ensemble"}]},{"@type":"WebSite","@id":"https:\/\/www.institutfrancais-lituanie.com\/fr\/#website","url":"https:\/\/www.institutfrancais-lituanie.com\/fr\/","name":"IF Lituanie","description":"Pranc\u016bz\u0173 kalbos kursai, kult\u016bra, mediateka...","publisher":{"@id":"https:\/\/www.institutfrancais-lituanie.com\/fr\/#organization"},"potentialAction":[{"@type":"SearchAction","target":{"@type":"EntryPoint","urlTemplate":"https:\/\/www.institutfrancais-lituanie.com\/fr\/?s={search_term_string}"},"query-input":"required name=search_term_string"}],"inLanguage":"fr-FR"},{"@type":"Organization","@id":"https:\/\/www.institutfrancais-lituanie.com\/fr\/#organization","name":"Pranc\u016bz\u0173 institutas","url":"https:\/\/www.institutfrancais-lituanie.com\/fr\/","logo":{"@type":"ImageObject","inLanguage":"fr-FR","@id":"https:\/\/www.institutfrancais-lituanie.com\/fr\/#\/schema\/logo\/image\/","url":"https:\/\/www.institutfrancais-lituanie.com\/wp-content\/uploads\/2023\/04\/IF_Logo-Lituanie-RVB.jpg","contentUrl":"https:\/\/www.institutfrancais-lituanie.com\/wp-content\/uploads\/2023\/04\/IF_Logo-Lituanie-RVB.jpg","width":827,"height":555,"caption":"Pranc\u016bz\u0173 institutas"},"image":{"@id":"https:\/\/www.institutfrancais-lituanie.com\/fr\/#\/schema\/logo\/image\/"},"sameAs":["https:\/\/www.facebook.com\/prancuzuinstitutas\/","https:\/\/www.instagram.com\/institut_francais_lituanie\/"]}]}},"_links":{"self":[{"href":"https:\/\/www.institutfrancais-lituanie.com\/fr\/wp-json\/wp\/v2\/pages\/4634"}],"collection":[{"href":"https:\/\/www.institutfrancais-lituanie.com\/fr\/wp-json\/wp\/v2\/pages"}],"about":[{"href":"https:\/\/www.institutfrancais-lituanie.com\/fr\/wp-json\/wp\/v2\/types\/page"}],"author":[{"embeddable":true,"href":"https:\/\/www.institutfrancais-lituanie.com\/fr\/wp-json\/wp\/v2\/users\/2"}],"replies":[{"embeddable":true,"href":"https:\/\/www.institutfrancais-lituanie.com\/fr\/wp-json\/wp\/v2\/comments?post=4634"}],"version-history":[{"count":9,"href":"https:\/\/www.institutfrancais-lituanie.com\/fr\/wp-json\/wp\/v2\/pages\/4634\/revisions"}],"predecessor-version":[{"id":11711,"href":"https:\/\/www.institutfrancais-lituanie.com\/fr\/wp-json\/wp\/v2\/pages\/4634\/revisions\/11711"}],"up":[{"embeddable":true,"href":"https:\/\/www.institutfrancais-lituanie.com\/fr\/wp-json\/wp\/v2\/pages\/2080"}],"wp:featuredmedia":[{"embeddable":true,"href":"https:\/\/www.institutfrancais-lituanie.com\/fr\/wp-json\/wp\/v2\/media\/5642"}],"wp:attachment":[{"href":"https:\/\/www.institutfrancais-lituanie.com\/fr\/wp-json\/wp\/v2\/media?parent=4634"}],"curies":[{"name":"wp","href":"https:\/\/api.w.org\/{rel}","templated":true}]}}

<div class="wpb-content-wrapper"><p>[vc_row][vc_column][vc_column_text]<strong>Venez pratiquer votre français et élargir votre culture générale sur la France avec Eugénie. </strong></p>
<p>Avant chaque rencontre, Eugénie proposera aux personnes inscrites quelques articles à lire. Vous pourrez ensuite en parler en autour d’un café dans la médiathèque de l’Institut.</p>
<p>Niveau minimum conseillé : B1 (mais tant que vous souhaitez parler ou écouter parler français, vous êtes les bienvenus).</p>
<p><strong><em>Entrée libre. A la médiathèque de l‘Institut français en présentiel et en ligne.</em></strong>[/vc_column_text][/vc_column][/vc_row][vc_row][vc_column][vc_basic_grid post_type=&#8221;post&#8221; max_items=&#8221;1&#8243; element_width=&#8221;12&#8243; item=&#8221;3470&#8243; grid_id=&#8221;vc_gid:1648724748659-982cce2c-8810-0&#8243; taxonomies=&#8221;146&#8243;][/vc_column][/vc_row][vc_row][vc_column][vc_raw_html]JTNDZGl2JTIwY2xhc3MlM0QlMjJwZW5jaS1ob21lLXBvcHVsYXItcG9zdHMlMjIlM0UlMDklMDklMDklMDklMDklMDklMDklM0NoMiUyMGNsYXNzJTNEJTIyaG9tZS1wdXB1bGFyLXBvc3RzLXRpdGxlJTIyJTNFJTBBJTNDc3BhbiUzRUFyY2hpdmVzJTNDJTJGc3BhbiUzRSUzQyUyRmgyJTNFJTBBJTNDJTJGZGl2JTNF[/vc_raw_html][/vc_column][/vc_row][vc_row][vc_column][vc_basic_grid post_type=&#8221;post&#8221; max_items=&#8221;15&#8243; item=&#8221;3470&#8243; grid_id=&#8221;vc_gid:1648724748660-f67f0439-2090-0&#8243; taxonomies=&#8221;148&#8243;][/vc_column][/vc_row]</p>
</div>

[vc_row][vc_column][vc_column_text]Venez pratiquer votre français et élargir votre culture générale sur la France avec Eugénie. Avant&hellip;

<!-- This site is optimized with the Yoast SEO plugin v23.2 - https://yoast.com/wordpress/plugins/seo/ -->
<title>Parlons ensemble - IF Lituanie</title>
<meta name="robots" content="index, follow, max-snippet:-1, max-image-preview:large, max-video-preview:-1" />
<link rel="canonical" href="https://www.institutfrancais-lituanie.com/fr/mediatheque/parlons-ensemble/" />
<meta property="og:locale" content="fr_FR" />
<meta property="og:type" content="article" />
<meta property="og:title" content="Parlons ensemble - IF Lituanie" />
<meta property="og:url" content="https://www.institutfrancais-lituanie.com/fr/mediatheque/parlons-ensemble/" />
<meta property="og:site_name" content="IF Lituanie" />
<meta property="article:publisher" content="https://www.facebook.com/prancuzuinstitutas/" />
<meta property="article:modified_time" content="2022-03-31T11:06:09+00:00" />
<meta property="og:image" content="https://www.institutfrancais-lituanie.com/wp-content/uploads/2020/01/parlons-ensemble-site.jpg" />
	<meta property="og:image:width" content="1170" />
	<meta property="og:image:height" content="585" />
	<meta property="og:image:type" content="image/jpeg" />
<meta name="twitter:card" content="summary_large_image" />
<meta name="twitter:label1" content="Est. reading time" />
	<meta name="twitter:data1" content="1 minute" />
<script type="application/ld+json" class="yoast-schema-graph">{"@context":"https://schema.org","@graph":[{"@type":"WebPage","@id":"https://www.institutfrancais-lituanie.com/fr/mediatheque/parlons-ensemble/","url":"https://www.institutfrancais-lituanie.com/fr/mediatheque/parlons-ensemble/","name":"Parlons ensemble - IF Lituanie","isPartOf":{"@id":"https://www.institutfrancais-lituanie.com/fr/#website"},"primaryImageOfPage":{"@id":"https://www.institutfrancais-lituanie.com/fr/mediatheque/parlons-ensemble/#primaryimage"},"image":{"@id":"https://www.institutfrancais-lituanie.com/fr/mediatheque/parlons-ensemble/#primaryimage"},"thumbnailUrl":"https://www.institutfrancais-lituanie.com/wp-content/uploads/2020/01/parlons-ensemble-site.jpg","datePublished":"2019-05-07T08:04:37+00:00","dateModified":"2022-03-31T11:06:09+00:00","breadcrumb":{"@id":"https://www.institutfrancais-lituanie.com/fr/mediatheque/parlons-ensemble/#breadcrumb"},"inLanguage":"fr-FR","potentialAction":[{"@type":"ReadAction","target":["https://www.institutfrancais-lituanie.com/fr/mediatheque/parlons-ensemble/"]}]},{"@type":"ImageObject","inLanguage":"fr-FR","@id":"https://www.institutfrancais-lituanie.com/fr/mediatheque/parlons-ensemble/#primaryimage","url":"https://www.institutfrancais-lituanie.com/wp-content/uploads/2020/01/parlons-ensemble-site.jpg","contentUrl":"https://www.institutfrancais-lituanie.com/wp-content/uploads/2020/01/parlons-ensemble-site.jpg","width":1170,"height":585},{"@type":"BreadcrumbList","@id":"https://www.institutfrancais-lituanie.com/fr/mediatheque/parlons-ensemble/#breadcrumb","itemListElement":[{"@type":"ListItem","position":1,"name":"Home","item":"https://www.institutfrancais-lituanie.com/fr/"},{"@type":"ListItem","position":2,"name":"Médiathèque","item":"https://www.institutfrancais-lituanie.com/fr/mediatheque/"},{"@type":"ListItem","position":3,"name":"Parlons ensemble"}]},{"@type":"WebSite","@id":"https://www.institutfrancais-lituanie.com/fr/#website","url":"https://www.institutfrancais-lituanie.com/fr/","name":"IF Lituanie","description":"Prancūzų kalbos kursai, kultūra, mediateka...","publisher":{"@id":"https://www.institutfrancais-lituanie.com/fr/#organization"},"potentialAction":[{"@type":"SearchAction","target":{"@type":"EntryPoint","urlTemplate":"https://www.institutfrancais-lituanie.com/fr/?s={search_term_string}"},"query-input":"required name=search_term_string"}],"inLanguage":"fr-FR"},{"@type":"Organization","@id":"https://www.institutfrancais-lituanie.com/fr/#organization","name":"Prancūzų institutas","url":"https://www.institutfrancais-lituanie.com/fr/","logo":{"@type":"ImageObject","inLanguage":"fr-FR","@id":"https://www.institutfrancais-lituanie.com/fr/#/schema/logo/image/","url":"https://www.institutfrancais-lituanie.com/wp-content/uploads/2023/04/IF_Logo-Lituanie-RVB.jpg","contentUrl":"https://www.institutfrancais-lituanie.com/wp-content/uploads/2023/04/IF_Logo-Lituanie-RVB.jpg","width":827,"height":555,"caption":"Prancūzų institutas"},"image":{"@id":"https://www.institutfrancais-lituanie.com/fr/#/schema/logo/image/"},"sameAs":["https://www.facebook.com/prancuzuinstitutas/","https://www.instagram.com/institut_francais_lituanie/"]}]}</script>
<!-- / Yoast SEO plugin. -->

Médiathèque

Prancūzų kalbos kursai, kultūra, mediateka...

Prancūzų institutas
