{"id":1893,"date":"2018-12-04T10:19:10","date_gmt":"2018-12-04T10:19:10","guid":{"rendered":"http:\/\/institutfrancais-lituanie.com\/?page_id=1893"},"modified":"2026-04-07T14:10:33","modified_gmt":"2026-04-07T14:10:33","slug":"examens","status":"publish","type":"page","link":"https:\/\/www.institutfrancais-lituanie.com\/fr\/cours-francais\/examens\/","title":{"rendered":"Examens internationaux de fran\u00e7ais"},"content":{"rendered":"<div class=\"wpb-content-wrapper\"><p>[vc_row][vc_column][vc_column_text]<span style=\"color: #008ac9;\"><strong><span style=\"font-size: 12pt;\">Examens : DELF-DALF, DELF Prim, TCF<br \/>\n<\/span><\/strong><\/span><\/p>\n<hr \/>\n<p><strong>Vous souhaitez faire \u00e9valuer de fa\u00e7on fiable votre niveau de fran\u00e7ais par un examen internationalement reconnu ?<\/strong><\/p>\n<p>Choisissez l\u2019une des certifications officielles que nous proposons. Ces certifications reconnues dans le monde entier vous aideront \u00e0 r\u00e9aliser vos projets de mobilit\u00e9, pour vos \u00e9tudes ou votre carri\u00e8re professionnelle. Fran\u00e7ais g\u00e9n\u00e9ral, fran\u00e7ais de sp\u00e9cialit\u00e9, test ou dipl\u00f4me, pour un projet d\u2018\u00e9tudes ou de mobilit\u00e9 professionnelle ou encore dans le cadre d\u2018une d\u00e9marche d\u2018\u00e9migration vers le Canada, nous avons la certification qui correspond \u00e0 votre objectif.[\/vc_column_text][vc_column_text css=&#8221;&#8221;]<strong>EXAMENS<\/strong><\/p>\n<hr \/>\n<p><strong>EXAMEN DELF \u2013 DALF<\/strong><\/p>\n<p>19\/06\/2026 et 20\/06\/2026\u00a0DELF DALF TP et DELF Junior \u00a0\u00e0 l\u2019IFL \/ Kaunas VDU \/ \u0160iauliai Julius Janonis Gymnasium<\/p>\n<p>11\/09\/2026 DELF DALF TP \u00e0 l\u2019IFL<\/p>\n<p>13-14\/11\/2026 DELF DALF TP et DELF Junior \u00a0\u00e0 l\u2019IFL \/ Kaunas VDU \/ \u0160iauliai Julius Janonis Gymnasium<\/p>\n<hr \/>\n<p><strong>TEST TCF <\/strong><\/p>\n<p><strong>A la de<\/strong><strong>mande<\/strong>[\/vc_column_text][\/vc_column][\/vc_row][vc_row color=&#8221;&#8221; message_box_style=&#8221;standard&#8221; style=&#8221;rounded&#8221; message_box_color=&#8221;info&#8221; icon_type=&#8221;fontawesome&#8221; icon_fontawesome=&#8221;fa fa-envelope&#8221; icon_monosocial=&#8221;vc-mono vc-mono-fivehundredpx&#8221; icon_openiconic=&#8221;&#8221; icon_typicons=&#8221;&#8221; icon_entypo=&#8221;&#8221; icon_linecons=&#8221;&#8221; icon_pixelicons=&#8221;&#8221;][vc_column][vc_message icon_fontawesome=&#8221;fas fa-envelope&#8221; css=&#8221;&#8221;]<strong>Responsable des examens<\/strong><br \/>\nMeda Zabala\u00a0<strong>+370 5 219 9655\u00a0 \u00a0<\/strong><br \/>\nmeda.zabala@institutfrancais-lituanie.com[\/vc_message][\/vc_column][\/vc_row][vc_row][vc_column][vc_separator][\/vc_column][\/vc_row][vc_row][vc_column][vc_basic_grid post_type=&#8221;ids&#8221; element_width=&#8221;6&#8243; item=&#8221;3470&#8243; css=&#8221;&#8221; grid_id=&#8221;vc_gid:1775570999983-f8bb6cff-3a0a-3&#8243; include=&#8221;1905, 1914, 1961, 1971&#8243;][\/vc_column][\/vc_row]<\/p>\n<\/div>","protected":false},"excerpt":{"rendered":"[vc_row][vc_column][vc_column_text]Examens : DELF-DALF, DELF Prim, TCF Vous souhaitez faire \u00e9valuer de fa\u00e7on fiable votre niveau&hellip;","protected":false},"author":2,"featured_media":3114,"parent":1736,"menu_order":0,"comment_status":"closed","ping_status":"closed","template":"page-sidebar.php","meta":{"footnotes":""},"class_list":["post-1893","page","type-page","status-publish","has-post-thumbnail","hentry"],"yoast_head":"<!-- This site is optimized with the Yoast SEO plugin v23.2 - https:\/\/yoast.com\/wordpress\/plugins\/seo\/ -->\n<title>Examens internationaux de fran\u00e7ais - IF Lituanie<\/title>\n<meta name=\"robots\" content=\"index, follow, max-snippet:-1, max-image-preview:large, max-video-preview:-1\" \/>\n<link rel=\"canonical\" href=\"https:\/\/www.institutfrancais-lituanie.com\/fr\/cours-francais\/examens\/\" \/>\n<meta property=\"og:locale\" content=\"fr_FR\" \/>\n<meta property=\"og:type\" content=\"article\" \/>\n<meta property=\"og:title\" content=\"Examens internationaux de fran\u00e7ais - IF Lituanie\" \/>\n<meta property=\"og:url\" content=\"https:\/\/www.institutfrancais-lituanie.com\/fr\/cours-francais\/examens\/\" \/>\n<meta property=\"og:site_name\" content=\"IF Lituanie\" \/>\n<meta property=\"article:publisher\" content=\"https:\/\/www.facebook.com\/prancuzuinstitutas\/\" \/>\n<meta property=\"article:modified_time\" content=\"2026-04-07T14:10:33+00:00\" \/>\n<meta property=\"og:image\" content=\"https:\/\/www.institutfrancais-lituanie.com\/wp-content\/uploads\/2019\/01\/examens.jpg\" \/>\n\t<meta property=\"og:image:width\" content=\"1170\" \/>\n\t<meta property=\"og:image:height\" content=\"585\" \/>\n\t<meta property=\"og:image:type\" content=\"image\/jpeg\" \/>\n<meta name=\"twitter:card\" content=\"summary_large_image\" \/>\n<meta name=\"twitter:label1\" content=\"Est. reading time\" \/>\n\t<meta name=\"twitter:data1\" content=\"2 minutes\" \/>\n<script type=\"application\/ld+json\" class=\"yoast-schema-graph\">{\"@context\":\"https:\/\/schema.org\",\"@graph\":[{\"@type\":\"WebPage\",\"@id\":\"https:\/\/www.institutfrancais-lituanie.com\/fr\/cours-francais\/examens\/\",\"url\":\"https:\/\/www.institutfrancais-lituanie.com\/fr\/cours-francais\/examens\/\",\"name\":\"Examens internationaux de fran\u00e7ais - IF Lituanie\",\"isPartOf\":{\"@id\":\"https:\/\/www.institutfrancais-lituanie.com\/fr\/#website\"},\"primaryImageOfPage\":{\"@id\":\"https:\/\/www.institutfrancais-lituanie.com\/fr\/cours-francais\/examens\/#primaryimage\"},\"image\":{\"@id\":\"https:\/\/www.institutfrancais-lituanie.com\/fr\/cours-francais\/examens\/#primaryimage\"},\"thumbnailUrl\":\"https:\/\/www.institutfrancais-lituanie.com\/wp-content\/uploads\/2019\/01\/examens.jpg\",\"datePublished\":\"2018-12-04T10:19:10+00:00\",\"dateModified\":\"2026-04-07T14:10:33+00:00\",\"breadcrumb\":{\"@id\":\"https:\/\/www.institutfrancais-lituanie.com\/fr\/cours-francais\/examens\/#breadcrumb\"},\"inLanguage\":\"fr-FR\",\"potentialAction\":[{\"@type\":\"ReadAction\",\"target\":[\"https:\/\/www.institutfrancais-lituanie.com\/fr\/cours-francais\/examens\/\"]}]},{\"@type\":\"ImageObject\",\"inLanguage\":\"fr-FR\",\"@id\":\"https:\/\/www.institutfrancais-lituanie.com\/fr\/cours-francais\/examens\/#primaryimage\",\"url\":\"https:\/\/www.institutfrancais-lituanie.com\/wp-content\/uploads\/2019\/01\/examens.jpg\",\"contentUrl\":\"https:\/\/www.institutfrancais-lituanie.com\/wp-content\/uploads\/2019\/01\/examens.jpg\",\"width\":1170,\"height\":585},{\"@type\":\"BreadcrumbList\",\"@id\":\"https:\/\/www.institutfrancais-lituanie.com\/fr\/cours-francais\/examens\/#breadcrumb\",\"itemListElement\":[{\"@type\":\"ListItem\",\"position\":1,\"name\":\"Home\",\"item\":\"https:\/\/www.institutfrancais-lituanie.com\/fr\/\"},{\"@type\":\"ListItem\",\"position\":2,\"name\":\"Cours et examens\",\"item\":\"https:\/\/www.institutfrancais-lituanie.com\/fr\/cours-francais\/\"},{\"@type\":\"ListItem\",\"position\":3,\"name\":\"Examens internationaux de fran\u00e7ais\"}]},{\"@type\":\"WebSite\",\"@id\":\"https:\/\/www.institutfrancais-lituanie.com\/fr\/#website\",\"url\":\"https:\/\/www.institutfrancais-lituanie.com\/fr\/\",\"name\":\"IF Lituanie\",\"description\":\"Pranc\u016bz\u0173 kalbos kursai, kult\u016bra, mediateka...\",\"publisher\":{\"@id\":\"https:\/\/www.institutfrancais-lituanie.com\/fr\/#organization\"},\"potentialAction\":[{\"@type\":\"SearchAction\",\"target\":{\"@type\":\"EntryPoint\",\"urlTemplate\":\"https:\/\/www.institutfrancais-lituanie.com\/fr\/?s={search_term_string}\"},\"query-input\":\"required name=search_term_string\"}],\"inLanguage\":\"fr-FR\"},{\"@type\":\"Organization\",\"@id\":\"https:\/\/www.institutfrancais-lituanie.com\/fr\/#organization\",\"name\":\"Pranc\u016bz\u0173 institutas\",\"url\":\"https:\/\/www.institutfrancais-lituanie.com\/fr\/\",\"logo\":{\"@type\":\"ImageObject\",\"inLanguage\":\"fr-FR\",\"@id\":\"https:\/\/www.institutfrancais-lituanie.com\/fr\/#\/schema\/logo\/image\/\",\"url\":\"https:\/\/www.institutfrancais-lituanie.com\/wp-content\/uploads\/2023\/04\/IF_Logo-Lituanie-RVB.jpg\",\"contentUrl\":\"https:\/\/www.institutfrancais-lituanie.com\/wp-content\/uploads\/2023\/04\/IF_Logo-Lituanie-RVB.jpg\",\"width\":827,\"height\":555,\"caption\":\"Pranc\u016bz\u0173 institutas\"},\"image\":{\"@id\":\"https:\/\/www.institutfrancais-lituanie.com\/fr\/#\/schema\/logo\/image\/\"},\"sameAs\":[\"https:\/\/www.facebook.com\/prancuzuinstitutas\/\",\"https:\/\/www.instagram.com\/institut_francais_lituanie\/\"]}]}<\/script>\n<!-- \/ Yoast SEO plugin. -->","yoast_head_json":{"title":"Examens internationaux de fran\u00e7ais - IF Lituanie","robots":{"index":"index","follow":"follow","max-snippet":"max-snippet:-1","max-image-preview":"max-image-preview:large","max-video-preview":"max-video-preview:-1"},"canonical":"https:\/\/www.institutfrancais-lituanie.com\/fr\/cours-francais\/examens\/","og_locale":"fr_FR","og_type":"article","og_title":"Examens internationaux de fran\u00e7ais - IF Lituanie","og_url":"https:\/\/www.institutfrancais-lituanie.com\/fr\/cours-francais\/examens\/","og_site_name":"IF Lituanie","article_publisher":"https:\/\/www.facebook.com\/prancuzuinstitutas\/","article_modified_time":"2026-04-07T14:10:33+00:00","og_image":[{"width":1170,"height":585,"url":"https:\/\/www.institutfrancais-lituanie.com\/wp-content\/uploads\/2019\/01\/examens.jpg","type":"image\/jpeg"}],"twitter_card":"summary_large_image","twitter_misc":{"Est. reading time":"2 minutes"},"schema":{"@context":"https:\/\/schema.org","@graph":[{"@type":"WebPage","@id":"https:\/\/www.institutfrancais-lituanie.com\/fr\/cours-francais\/examens\/","url":"https:\/\/www.institutfrancais-lituanie.com\/fr\/cours-francais\/examens\/","name":"Examens internationaux de fran\u00e7ais - IF Lituanie","isPartOf":{"@id":"https:\/\/www.institutfrancais-lituanie.com\/fr\/#website"},"primaryImageOfPage":{"@id":"https:\/\/www.institutfrancais-lituanie.com\/fr\/cours-francais\/examens\/#primaryimage"},"image":{"@id":"https:\/\/www.institutfrancais-lituanie.com\/fr\/cours-francais\/examens\/#primaryimage"},"thumbnailUrl":"https:\/\/www.institutfrancais-lituanie.com\/wp-content\/uploads\/2019\/01\/examens.jpg","datePublished":"2018-12-04T10:19:10+00:00","dateModified":"2026-04-07T14:10:33+00:00","breadcrumb":{"@id":"https:\/\/www.institutfrancais-lituanie.com\/fr\/cours-francais\/examens\/#breadcrumb"},"inLanguage":"fr-FR","potentialAction":[{"@type":"ReadAction","target":["https:\/\/www.institutfrancais-lituanie.com\/fr\/cours-francais\/examens\/"]}]},{"@type":"ImageObject","inLanguage":"fr-FR","@id":"https:\/\/www.institutfrancais-lituanie.com\/fr\/cours-francais\/examens\/#primaryimage","url":"https:\/\/www.institutfrancais-lituanie.com\/wp-content\/uploads\/2019\/01\/examens.jpg","contentUrl":"https:\/\/www.institutfrancais-lituanie.com\/wp-content\/uploads\/2019\/01\/examens.jpg","width":1170,"height":585},{"@type":"BreadcrumbList","@id":"https:\/\/www.institutfrancais-lituanie.com\/fr\/cours-francais\/examens\/#breadcrumb","itemListElement":[{"@type":"ListItem","position":1,"name":"Home","item":"https:\/\/www.institutfrancais-lituanie.com\/fr\/"},{"@type":"ListItem","position":2,"name":"Cours et examens","item":"https:\/\/www.institutfrancais-lituanie.com\/fr\/cours-francais\/"},{"@type":"ListItem","position":3,"name":"Examens internationaux de fran\u00e7ais"}]},{"@type":"WebSite","@id":"https:\/\/www.institutfrancais-lituanie.com\/fr\/#website","url":"https:\/\/www.institutfrancais-lituanie.com\/fr\/","name":"IF Lituanie","description":"Pranc\u016bz\u0173 kalbos kursai, kult\u016bra, mediateka...","publisher":{"@id":"https:\/\/www.institutfrancais-lituanie.com\/fr\/#organization"},"potentialAction":[{"@type":"SearchAction","target":{"@type":"EntryPoint","urlTemplate":"https:\/\/www.institutfrancais-lituanie.com\/fr\/?s={search_term_string}"},"query-input":"required name=search_term_string"}],"inLanguage":"fr-FR"},{"@type":"Organization","@id":"https:\/\/www.institutfrancais-lituanie.com\/fr\/#organization","name":"Pranc\u016bz\u0173 institutas","url":"https:\/\/www.institutfrancais-lituanie.com\/fr\/","logo":{"@type":"ImageObject","inLanguage":"fr-FR","@id":"https:\/\/www.institutfrancais-lituanie.com\/fr\/#\/schema\/logo\/image\/","url":"https:\/\/www.institutfrancais-lituanie.com\/wp-content\/uploads\/2023\/04\/IF_Logo-Lituanie-RVB.jpg","contentUrl":"https:\/\/www.institutfrancais-lituanie.com\/wp-content\/uploads\/2023\/04\/IF_Logo-Lituanie-RVB.jpg","width":827,"height":555,"caption":"Pranc\u016bz\u0173 institutas"},"image":{"@id":"https:\/\/www.institutfrancais-lituanie.com\/fr\/#\/schema\/logo\/image\/"},"sameAs":["https:\/\/www.facebook.com\/prancuzuinstitutas\/","https:\/\/www.instagram.com\/institut_francais_lituanie\/"]}]}},"_links":{"self":[{"href":"https:\/\/www.institutfrancais-lituanie.com\/fr\/wp-json\/wp\/v2\/pages\/1893"}],"collection":[{"href":"https:\/\/www.institutfrancais-lituanie.com\/fr\/wp-json\/wp\/v2\/pages"}],"about":[{"href":"https:\/\/www.institutfrancais-lituanie.com\/fr\/wp-json\/wp\/v2\/types\/page"}],"author":[{"embeddable":true,"href":"https:\/\/www.institutfrancais-lituanie.com\/fr\/wp-json\/wp\/v2\/users\/2"}],"replies":[{"embeddable":true,"href":"https:\/\/www.institutfrancais-lituanie.com\/fr\/wp-json\/wp\/v2\/comments?post=1893"}],"version-history":[{"count":34,"href":"https:\/\/www.institutfrancais-lituanie.com\/fr\/wp-json\/wp\/v2\/pages\/1893\/revisions"}],"predecessor-version":[{"id":18855,"href":"https:\/\/www.institutfrancais-lituanie.com\/fr\/wp-json\/wp\/v2\/pages\/1893\/revisions\/18855"}],"up":[{"embeddable":true,"href":"https:\/\/www.institutfrancais-lituanie.com\/fr\/wp-json\/wp\/v2\/pages\/1736"}],"wp:featuredmedia":[{"embeddable":true,"href":"https:\/\/www.institutfrancais-lituanie.com\/fr\/wp-json\/wp\/v2\/media\/3114"}],"wp:attachment":[{"href":"https:\/\/www.institutfrancais-lituanie.com\/fr\/wp-json\/wp\/v2\/media?parent=1893"}],"curies":[{"name":"wp","href":"https:\/\/api.w.org\/{rel}","templated":true}]}}

Examens internationaux de français

<div class="wpb-content-wrapper"><p>[vc_row][vc_column][vc_column_text]<span style="color: #008ac9;"><strong><span style="font-size: 12pt;">Examens : DELF-DALF, DELF Prim, TCF<br />
</span></strong></span></p>
<hr />
<p><strong>Vous souhaitez faire évaluer de façon fiable votre niveau de français par un examen internationalement reconnu ?</strong></p>
<p>Choisissez l’une des certifications officielles que nous proposons. Ces certifications reconnues dans le monde entier vous aideront à réaliser vos projets de mobilité, pour vos études ou votre carrière professionnelle. Français général, français de spécialité, test ou diplôme, pour un projet d‘études ou de mobilité professionnelle ou encore dans le cadre d‘une démarche d‘émigration vers le Canada, nous avons la certification qui correspond à votre objectif.[/vc_column_text][vc_column_text css=&#8221;&#8221;]<strong>EXAMENS</strong></p>
<hr />
<p><strong>EXAMEN DELF – DALF</strong></p>
<p>19/06/2026 et 20/06/2026 DELF DALF TP et DELF Junior  à l’IFL / Kaunas VDU / Šiauliai Julius Janonis Gymnasium</p>
<p>11/09/2026 DELF DALF TP à l’IFL</p>
<p>13-14/11/2026 DELF DALF TP et DELF Junior  à l’IFL / Kaunas VDU / Šiauliai Julius Janonis Gymnasium</p>
<hr />
<p><strong>TEST TCF </strong></p>
<p><strong>A la de</strong><strong>mande</strong>[/vc_column_text][/vc_column][/vc_row][vc_row color=&#8221;&#8221; message_box_style=&#8221;standard&#8221; style=&#8221;rounded&#8221; message_box_color=&#8221;info&#8221; icon_type=&#8221;fontawesome&#8221; icon_fontawesome=&#8221;fa fa-envelope&#8221; icon_monosocial=&#8221;vc-mono vc-mono-fivehundredpx&#8221; icon_openiconic=&#8221;&#8221; icon_typicons=&#8221;&#8221; icon_entypo=&#8221;&#8221; icon_linecons=&#8221;&#8221; icon_pixelicons=&#8221;&#8221;][vc_column][vc_message icon_fontawesome=&#8221;fas fa-envelope&#8221; css=&#8221;&#8221;]<strong>Responsable des examens</strong><br />
Meda Zabala <strong>+370 5 219 9655   </strong><br />
meda.zabala@institutfrancais-lituanie.com[/vc_message][/vc_column][/vc_row][vc_row][vc_column][vc_separator][/vc_column][/vc_row][vc_row][vc_column][vc_basic_grid post_type=&#8221;ids&#8221; element_width=&#8221;6&#8243; item=&#8221;3470&#8243; css=&#8221;&#8221; grid_id=&#8221;vc_gid:1775570999983-f8bb6cff-3a0a-3&#8243; include=&#8221;1905, 1914, 1961, 1971&#8243;][/vc_column][/vc_row]</p>
</div>

[vc_row][vc_column][vc_column_text]Examens : DELF-DALF, DELF Prim, TCF Vous souhaitez faire évaluer de façon fiable votre niveau&hellip;

<!-- This site is optimized with the Yoast SEO plugin v23.2 - https://yoast.com/wordpress/plugins/seo/ -->
<title>Examens internationaux de français - IF Lituanie</title>
<meta name="robots" content="index, follow, max-snippet:-1, max-image-preview:large, max-video-preview:-1" />
<link rel="canonical" href="https://www.institutfrancais-lituanie.com/fr/cours-francais/examens/" />
<meta property="og:locale" content="fr_FR" />
<meta property="og:type" content="article" />
<meta property="og:title" content="Examens internationaux de français - IF Lituanie" />
<meta property="og:url" content="https://www.institutfrancais-lituanie.com/fr/cours-francais/examens/" />
<meta property="og:site_name" content="IF Lituanie" />
<meta property="article:publisher" content="https://www.facebook.com/prancuzuinstitutas/" />
<meta property="article:modified_time" content="2026-04-07T14:10:33+00:00" />
<meta property="og:image" content="https://www.institutfrancais-lituanie.com/wp-content/uploads/2019/01/examens.jpg" />
	<meta property="og:image:width" content="1170" />
	<meta property="og:image:height" content="585" />
	<meta property="og:image:type" content="image/jpeg" />
<meta name="twitter:card" content="summary_large_image" />
<meta name="twitter:label1" content="Est. reading time" />
	<meta name="twitter:data1" content="2 minutes" />
<script type="application/ld+json" class="yoast-schema-graph">{"@context":"https://schema.org","@graph":[{"@type":"WebPage","@id":"https://www.institutfrancais-lituanie.com/fr/cours-francais/examens/","url":"https://www.institutfrancais-lituanie.com/fr/cours-francais/examens/","name":"Examens internationaux de français - IF Lituanie","isPartOf":{"@id":"https://www.institutfrancais-lituanie.com/fr/#website"},"primaryImageOfPage":{"@id":"https://www.institutfrancais-lituanie.com/fr/cours-francais/examens/#primaryimage"},"image":{"@id":"https://www.institutfrancais-lituanie.com/fr/cours-francais/examens/#primaryimage"},"thumbnailUrl":"https://www.institutfrancais-lituanie.com/wp-content/uploads/2019/01/examens.jpg","datePublished":"2018-12-04T10:19:10+00:00","dateModified":"2026-04-07T14:10:33+00:00","breadcrumb":{"@id":"https://www.institutfrancais-lituanie.com/fr/cours-francais/examens/#breadcrumb"},"inLanguage":"fr-FR","potentialAction":[{"@type":"ReadAction","target":["https://www.institutfrancais-lituanie.com/fr/cours-francais/examens/"]}]},{"@type":"ImageObject","inLanguage":"fr-FR","@id":"https://www.institutfrancais-lituanie.com/fr/cours-francais/examens/#primaryimage","url":"https://www.institutfrancais-lituanie.com/wp-content/uploads/2019/01/examens.jpg","contentUrl":"https://www.institutfrancais-lituanie.com/wp-content/uploads/2019/01/examens.jpg","width":1170,"height":585},{"@type":"BreadcrumbList","@id":"https://www.institutfrancais-lituanie.com/fr/cours-francais/examens/#breadcrumb","itemListElement":[{"@type":"ListItem","position":1,"name":"Home","item":"https://www.institutfrancais-lituanie.com/fr/"},{"@type":"ListItem","position":2,"name":"Cours et examens","item":"https://www.institutfrancais-lituanie.com/fr/cours-francais/"},{"@type":"ListItem","position":3,"name":"Examens internationaux de français"}]},{"@type":"WebSite","@id":"https://www.institutfrancais-lituanie.com/fr/#website","url":"https://www.institutfrancais-lituanie.com/fr/","name":"IF Lituanie","description":"Prancūzų kalbos kursai, kultūra, mediateka...","publisher":{"@id":"https://www.institutfrancais-lituanie.com/fr/#organization"},"potentialAction":[{"@type":"SearchAction","target":{"@type":"EntryPoint","urlTemplate":"https://www.institutfrancais-lituanie.com/fr/?s={search_term_string}"},"query-input":"required name=search_term_string"}],"inLanguage":"fr-FR"},{"@type":"Organization","@id":"https://www.institutfrancais-lituanie.com/fr/#organization","name":"Prancūzų institutas","url":"https://www.institutfrancais-lituanie.com/fr/","logo":{"@type":"ImageObject","inLanguage":"fr-FR","@id":"https://www.institutfrancais-lituanie.com/fr/#/schema/logo/image/","url":"https://www.institutfrancais-lituanie.com/wp-content/uploads/2023/04/IF_Logo-Lituanie-RVB.jpg","contentUrl":"https://www.institutfrancais-lituanie.com/wp-content/uploads/2023/04/IF_Logo-Lituanie-RVB.jpg","width":827,"height":555,"caption":"Prancūzų institutas"},"image":{"@id":"https://www.institutfrancais-lituanie.com/fr/#/schema/logo/image/"},"sameAs":["https://www.facebook.com/prancuzuinstitutas/","https://www.instagram.com/institut_francais_lituanie/"]}]}</script>
<!-- / Yoast SEO plugin. -->

Examens internationaux de français - IF Lituanie

Prancūzų kalbos kursai, kultūra, mediateka...

Prancūzų institutas
